 22750. What is j(6)?
8
Let m(g) = -729*g + 11724. What is m(16)?
60
Let j(f) = -f**3 + 527*f**2 + 4386*f - 56734. Determine j(535).
-24
Let g(l) = 5*l**3 + 2635*l**2 - 4*l - 2076. What is g(-527)?
32
Let n(g) = 19*g**3 - 195*g**2 + 155*g + 555. Determine n(9).
6
Let q(u) = -228*u + 15924. What is q(67)?
648
Let j(t) = -37345*t + 74265. Calculate j(2).
-425
Let c(z) = -1427*z + 261. Calculate c(0).
261
Let d(r) = -2761*r**3 - 6*r**2 - 25*r + 23. Give d(1).
-2769
Let p(u) = -10*u**3 + 3623*u**2 - 18924*u + 1062. Determine p(357).
-9
Let a(m) = -22*m**2 - 634*m + 51. Give a(-29).
-65
Let n(p) = -2341*p - 9175. Give n(-5).
2530
Let w(x) = -4*x**2 - 114*x - 631. What is w(-33)?
-1225
Let p(m) = m**3 - 3*m**2 - 12*m - 118. Calculate p(0).
-118
Let v(a) = 2*a**3 - 43*a**2 + 103*a - 866. What is v(20)?
-6
Let d(u) = 7*u**2 + 6002*u + 153741. Calculate d(-831).
6
Let j(c) = c**2 - 68*c - 879. Calculate j(79).
-10
Let m(g) = -g**2 + 781*g - 4737. Determine m(6).
-87
Let d(r) = -4059*r - 413855. Give d(-102).
163
Let o(w) = 2*w**2 - 11578*w - 57898. Give o(-5).
42
Let w(g) = 956*g + 47823. Give w(-50).
23
Let y(x) = -35*x**2 + 280*x + 1924. Calculate y(-7).
-1751
Let h(b) = 17*b**2 - 2032*b - 3015. Give h(121).
10
Let d(o) = 13*o**2 - 1108*o + 262. Calculate d(85).
7
Let v(h) = 182*h**3 - 17*h + 16. Calculate v(1).
181
Let s(c) = -785*c + 88100. What is s(112)?
180
Let q(j) = 235*j - 16691. Calculate q(70).
-241
Let m(r) = 313*r - 71. What is m(3)?
868
Let q(p) = -p**3 - 68*p**2 + 243*p + 41495. What is q(-30)?
5
Let f(i) = 2796*i + 58735. Give f(-21).
19
Let f(y) = 4*y**2 - 645*y + 896. Calculate f(160).
96
Let a(x) = x**2 + 7347*x + 36867. Determine a(-5).
157
Let g(u) = -1290*u + 33470. Give g(26).
-70
Let t(p) = 5*p**3 + 268*p**2 + 170*p + 576. What is t(-53)?
-7
Let l(a) = 63448*a - 634414. Give l(10).
66
Let g(v) = -2*v**3 - 409*v**2 - 610*v - 224. Calculate g(-203).
-21
Let x(c) = -5200*c + 1544398. Determine x(297).
-2
Let n(q) = -300*q + 455. Give n(2).
-145
Let u(y) = 361*y - 8291. Calculate u(22).
-349
Let t(r) = -532*r - 3018. Give t(-10).
2302
Let k(x) = x**3 - 230*x**2 + 5467*x + 2848. What is k(203)?
6
Let f(j) = -98*j**2 + 2348*j + 24. Determine f(24).
-72
Let s(u) = u**3 - 36*u**2 + 130*u - 120. Give s(32).
-56
Let b(g) = -g**3 + 143*g**2 - 5068*g - 78. Give b(65).
52
Let l(m) = 428*m - 3495. What is l(8)?
-71
Let q(g) = 182*g - 15108. What is q(83)?
-2
Let i(q) = -q**3 - 61*q**2 - 734*q + 4182. Calculate i(-40).
-58
Let k(y) = y**2 - 18730*y + 952545. Determine k(51).
-84
Let r(w) = 4555*w + 250050. Determine r(-55).
-475
Let r(b) = b**2 - 648*b + 8841. What is r(14)?
-35
Let m(n) = n**3 + 4*n**2 + 1070*n + 8627. Give m(-8).
-189
Let g(f) = -1867*f**2 - 22447*f - 512. Give g(-12).
4
Let h(s) = 23*s**2 + 438*s + 34. What is h(-19)?
15
Let n(x) = -x**3 - 28*x**2 + 149*x - 449. Calculate n(-33).
79
Let t(m) = 7035*m + 323690. Calculate t(-46).
80
Let h(s) = 19*s**2 + 305*s - 317. Calculate h(-17).
-11
Let z(s) = s**3 - 19*s**2 - 6*s - 366. Calculate z(0).
-366
Let l(f) = -f**3 + 38*f**2 + 1349*f - 51164. Calculate l(36).
-8
Let t(n) = n**2 + 4730*n - 85471. Determine t(18).
-7
Let m(q) = 20957*q + 335308. Give m(-16).
-4
Let o(k) = 44*k**2 - 1262*k - 91. What is o(29)?
315
Let z(l) = 1654*l - 104218. Calculate z(63).
-16
Let c(r) = -r**3 + 7*r**2 + 44*r - 60. Determine c(-6).
144
Let v(g) = -9*g**3 + 324*g**2 - 25*g + 581. Give v(36).
-319
Let t(r) = -66*r**2 + 26267*r + 388. Give t(398).
-10
Let j(b) = -6*b**3 - 771*b**2 - 382*b + 230. Calculate j(-128).
-26
Let j(l) = 2*l**3 + 6*l**2 - 924*l + 156. Determine j(20).
76
Let t(k) = 253*k + 59455. Calculate t(-235).
0
Let r(q) = 24*q**2 + 23374*q + 91180. Determine r(-970).
0
Let k(m) = -2277*m + 86390. What is k(38)?
-136
Let q(n) = -30195*n + 1117223. Determine q(37).
8
Let l(q) = 5*q**2 - 38*q - 209. Give l(-4).
23
Let a(m) = 328*m + 2063. What is a(-9)?
-889
Let f(t) = t**3 - 41*t**2 - 2365*t - 924. Give f(-32).
4
Let y(j) = j**2 + 157*j + 4770. Determine y(-97).
-1050
Let n(c) = 737504*c + 4425031. Calculate n(-6).
7
Let u(y) = -9*y - 1826. What is u(-203)?
1
Let a(k) = -k**3 - 52*k**2 + 191*k - 1935. What is a(-56)?
-87
Let j(d) = 655*d**2 + 23136*d + 7397. Calculate j(-35).
12
Let p(h) = -40197*h + 2291203. What is p(57)?
-26
Let l(d) = -14432*d - 43389. What is l(-3)?
-93
Let k(d) = -746*d**2 + 6700*d + 130. What is k(9)?
4
Let s(g) = -3*g**2 - 91*g - 792. Determine s(-14).
-106
Let j(m) = 283254*m - 566547. What is j(2)?
-39
Let k(w) = -w**3 - 67*w**2 - 63*w - 439. Calculate k(-66).
-637
Let s(h) = 7134*h - 57041. Calculate s(8).
31
Let s(g) = 2*g**2 + 577*g + 42267. What is s(-154)?
841
Let b(v) = -303*v - 43852. What is b(-146)?
386
Let l(w) = 1550*w - 10840. Determine l(7).
10
Let i(c) = -2*c**2 + 14270*c - 128253. Determine i(9).
15
Let u(x) = 47*x + 537. Give u(-11).
20
Let m(x) = 2*x**2 - 1559*x - 48687. What is m(-30)?
-117
Let u(x) = -x**3 - 296*x**2 + 896*x - 215. Determine u(-299).
84
Let y(g) = 748*g - 991. Give y(4).
2001
Let k(x) = 545*x + 11653. What is k(-21)?
208
Let w(l) = -l**2 + 19341*l - 2859613. What is w(149)?
-5
Let z(p) = -92532*p + 277603. Give z(3).
7
Let n(z) = 11*z**2 - 1202*z - 13127. What is n(-10)?
-7
Let p(d) = 1211*d + 29. Give p(0).
29
Let u(f) = -47*f**3 - 376*f**2 - 106*f - 880. Determine u(-8).
-32
Let t(m) = 14*m - 1053. Calculate t(-15).
-1263
Let s(u) = -221*u + 61763. Give s(289).
-2106
Let h(a) = 11194*a**2 - 22452*a + 60. Give h(2).
-68
Let w(k) = -2*k**2 + 45246*k - 678239. Determine w(15).
1
Let g(d) = -156*d**2 + 426*d + 22. Give g(4).
-770
Let a(j) = j**2 - 7404*j + 353082. Determine a(48).
-6
Let p(t) = 2*t**3 + 969*t**2 + 485*t + 499. Calculate p(-484).
15
Let k(u) = -u**2 - 803*u - 37716. What is k(-50)?
-66
Let d(h) = -h**2 + 75435*h + 2112970. What is d(-28)?
6
Let b(i) = -i**3 + 184*i**2 + 266*i - 16505. Determine b(185).
-1520
Let k(x) = -151*x + 4858. Give k(9).
3499
Let l(a) = a**2 - 98*a - 11135. Determine l(-65).
-540
Let b(f) = 150651*f + 5272781. What is b(-35)?
-4
Let f(l) = -l**3 - 56*l**2 - 788*l - 49. Calculate f(-29).
96
Let r(k) = -50*k**2 + 3830*k - 6003. Give r(75).
-3
Let y(g) = 3094*g - 117620. Give y(38).
-48
Let w(f) = 1970*f - 7905. Calculate w(4).
-25
Let y(x) = -73665*x - 1325968. Calculate y(-18).
2
Let i(u) = -1998*u**2 - 86*u - 81. Determine i(-1).
-1993
Let s(b) = -97*b**2 + 23*b - 52. Determine s(2).
-394
Let r(f) = -2719*f - 40455. What is r(-15)?
330
Let s(x) = x**2 - 297*x + 18900. What is s(189)?
-1512
Let r(h) = -5931*h - 112738. Determine r(-19).
-49
Let t(s) = s**3 + 17*s**2 - 232*s - 3817. Determine t(-21).
-709
Let y(n) = 20191*n + 80736. Give y(-4).
-28
Let r(m) = -6*m**3 + 403*m**2 - 21*m - 2909. Calculate r(67).
173
Let y(x) = -98*x + 3086. Give y(21).
1028
Let r(y) = -y**3 + 359*y**2 + 2899*y + 76. Calculate r(-8).
372
Let x(t) = 3*t**2 + 477*t - 112697. Calculate x(130).
13
Let k(j) = -13*j**3 + 7*j**2 - 62*j - 197. Give k(-3).
403
Let d(m) = -9*m**3 - 205*m**2 - 1192*m - 285. What is d(-11)?
1
Let d(h) = h**3 + 376*h**2 + 2985*h + 15046. Calculate d(-368).
-42
Let u(v) = -v**2 - 29678*v - 711807. What is u(-24)?
-111
Let i(n) = 23*n**3 + 50*n + 90. Calculate i(-2).
-194
Let n(h) = -h**3 + 292*h**2 - 866*h - 53. Determine n(3).
-50
Let k(p) = p**3 - 124*p**2 + 1739*p - 1230. Determine k(108).
-42
Let a(d) = d**3 + 54*d**2 + 243*d + 1739. Give a(-48).
3899
Let y(z) = z**3 - 9*z**2 + 240*z - 1847. Give y(8).
9
Let s(t) = 9699*t - 58199. Calculate s(6).
-5
Let s(a) = 12*a**2 + 3834*a - 7702. Give s(2).
14
Let t(a) = -318497*a + 1592818. What is t(5)?
333
Let p(y) = -20237*y - 121337. Give p(-6).
85
Let v(x) = -14*x**2 + 182*x + 1808. Determine v(-10).
-1412
Let x(b) = -56*b**3 - 3*b**2 - b + 5. Calculate x(1).
-55
Let n(h) = -266614*h + 11731011. Give n(44).
-5
Let m(t) = 3*t**3 + 1900*t**2 + 633*t + 2. Determine m(-633).
2
Let b(k) = k**3 + 200*k**2 - 815*k + 219. Calculate b(-204).
15
Let v(p) = 627*p + 18849. What is v(-30)?
39
Let y(i) = 1193*i**2 - 623941*i + 1061. Give y(523).
15
Let f(o) = -5*o**3 + 312*o**2 + 152*o + 2335. Give f(63).
4
Let f(r) = -1162*r + 122025. Calculate f(105).
15
Let t(o) = o**3 + 23*o**2 + 158*o - 18. Calculate t(-18).
-1242
Let n(h) = 30*h**2 - 1107*h + 2